1487369?
13, 677
What are the prime factors of 8792049?
3, 7, 23, 109, 167
What are the prime factors of 3738480?
2, 3, 5, 37, 421
What are the prime factors of 133028?
2, 7, 4751
List the prime factors of 20082357.
3, 743791
List the prime factors of 2120966.
2, 883, 1201
List the prime factors of 1097266.
2, 139, 3947
What are the prime factors of 1081834?
2, 13, 41609
What are the prime factors of 96687?
3, 3581
List the prime factors of 138028.
2, 11, 3137
List the prime factors of 281322.
2, 3, 15629
What are the prime factors of 293162?
2, 146581
What are the prime factors of 1659087?
3, 83, 2221
List the prime factors of 13911.
3, 4637
List the prime factors of 8795626.
2, 7, 67, 9377
List the prime factors of 1166432.
2, 36451
List the prime factors of 21175799.
1361, 15559
List the prime factors of 28299.
3, 9433
What are the prime factors of 264848?
2, 16553
What are the prime factors of 2711217?
3, 23, 39293
What are the prime factors of 4824950?
2, 5, 13, 571
What are the prime factors of 12260720?
2, 5, 153259
What are the prime factors of 1416217?
11, 128747
List the prime factors of 473216.
2, 3697
What are the prime factors of 1283040?
2, 3, 5, 11
What are the prime factors of 4429823?
23, 192601
What are the prime factors of 4236599?
389, 10891
What are the prime factors of 5002260?
2, 3, 5, 263, 317
List the prime factors of 1972324.
2, 43, 11467
What are the prime factors of 3266107?
13, 277, 907
List the prime factors of 16135884.
2, 3, 439, 1021
List the prime factors of 8421646.
2, 31, 41, 3313
List the prime factors of 290636.
2, 113, 643
List the prime factors of 129891.
3, 29, 1493
List the prime factors of 26954.
2, 13477
List the prime factors of 1232491.
13, 113, 839
List the prime factors of 683241.
3, 13, 17519
List the prime factors of 1414963.
11, 307, 419
What are the prime factors of 2922337?
11, 149, 1783
List the prime factors of 11610834.
2, 3, 1935139
What are the prime factors of 290003?
7, 17, 2437
What are the prime factors of 112618?
2, 11, 5119
List the prime factors of 81850.
2, 5, 1637
What are the prime factors of 27565?
5, 37, 149
List the prime factors of 1031061.
3, 343687
What are the prime factors of 13610?
2, 5, 1361
What are the prime factors of 527189?
13, 107, 379
What are the prime factors of 844821?
3, 37, 43, 59
What are the prime factors of 22464?
2, 3, 13
List the prime factors of 16235324.
2, 7, 107, 5419
List the prime factors of 3248493.
3, 29, 37339
What are the prime factors of 827264?
2, 23, 281
What are the prime factors of 24601723?
4051, 6073
What are the prime factors of 1207228?
2, 11, 27437
List the prime factors of 1777562.
2, 888781
List the prime factors of 1491409.
1129, 1321
What are the prime factors of 282354?
2, 3, 47059
What are the prime factors of 5831964?
2, 3, 161999
What are the prime factors of 75349?
151, 499
List the prime factors of 15233255.
5, 3046651
List the prime factors of 395666.
2, 181, 1093
What are the prime factors of 9586375?
5, 53, 1447
What are the prime factors of 13562292?
2, 3, 1130191
List the prime factors of 18119036.
2, 13, 348443
What are the prime factors of 1147337?
191, 6007
List the prime factors of 422494.
2, 211247
What are the prime factors of 9487258?
2, 11, 17, 25367
List the prime factors of 5568704.
2, 87011
What are the prime factors of 71446?
2, 139, 257
What are the prime factors of 5341083?
3, 11, 23, 31, 227
List the prime factors of 3853825.
5, 154153
What are the prime factors of 50458?
2, 25229
List the prime factors of 279573.
3, 7, 13313
What are the prime factors of 489273?
3, 31, 5261
What are the prime factors of 17386306?
2, 7, 1241879
List the prime factors of 416667.
3, 138889
What are the prime factors of 1417366?
2, 43, 16481
List the prime factors of 252431.
252431
What are the prime factors of 25894134?
2, 3, 7, 61, 1123
List the prime factors of 45785.
5, 9157
What are the prime factors of 1442005?
5, 19, 43, 353
List the prime factors of 198609.
3, 239, 277
List the prime factors of 2628781.
2628781
What are the prime factors of 35900?
2, 5, 359
List the prime factors of 8655778.
2, 61, 70949
List the prime factors of 6871529.
7, 37, 43, 617
What are the prime factors of 227062?
2, 11, 10321
List the prime factors of 260679.
3, 31, 2803
What are the prime factors of 395038?
2, 7, 29, 139
List the prime factors of 488103.
3, 7, 11, 2113
List the prime factors of 472234.
2, 7, 89, 379
List the prime factors of 23910862.
2, 107, 111733
List the prime factors of 117034.
2, 163, 359
What are the prime factors of 256602?
2, 3, 42767
List the prime factors of 1440892.
2, 360223
List the prime factors of 1323567.
3, 7, 47, 149
List the prime factors of 266281.
266281
What are the prime factors of 12860950?
2, 5, 257219
List the prime factors of 101101.
7, 11, 13, 101
List the prime factors of 330572.
2, 11, 683
List the prime factors of 1256.
2, 157
List the prime factors of 2876300.
2, 5, 7, 587
What are the prime factors of 7309551?
3, 2436517
What are the prime factors of 150647?
7, 21521
List the prime factors of 31119.
3, 11, 23, 41
List the prime factors of 926173.
29, 109, 293
List the prime factors of 10628.
2, 2657
What are the prime factors of 677589?
3, 11, 20533
List the prime factors of 119390.
2, 5, 11939
What are the prime factors of 225761?
61, 3701
List the prime factors of 166788.
2, 3, 41, 113
List the prime factors of 227209.
59, 3851
What are the prime factors of 396437?
396437
What are the prime factors of 165343?
165343
What are the prime factors of 7970796?
2, 3, 221411
List the prime factors of 205159.
193, 1063
List the prime factors of 29599.
29599
What are the prime factors of 14348159?
7, 23, 89119
List the prime factors of 3792970.
2, 5, 19, 19963
List the prime factors of 326894.
2, 73, 2239
What are the prime factors of 2167103?
2167103
List the prime factors of 180640.
2, 5, 1129
List the prime factors of 5347091.
5347091
List the prime factors of 1436659.
7, 205237
List the prime factors of 18850008.
2, 3, 17, 47, 983
What are the prime factors of 150039?
3, 5557
List the prime factors of 458802.
2, 3, 71, 359
What are the prime factors of 206607?
3, 61, 1129
List the prime factors of 249515.
5, 7, 7129
What are the prime factors of 123620?
2, 5, 7, 883
List the prime factors of 1016.
2, 127
List the prime factors of 3876619.
3876619
List the prime factors of 833461.
833461
List the prime factors of 1317794.
2, 658897
List the prime factors of 14325194.
2, 13, 550969
List the prime factors of 80030.
2, 5, 53, 151
List the prime factors of 2237107.
2237107
What are the prime factors of 1048204?
2, 262051
List the prime factors of 1881163.
1881163
What are the prime factors of 2827904?
2, 22093
List the prime factors of 531904.
2, 8311
What are the prime factors of 2863760?
2, 5, 35797
What are the prime factors of 381046?
2, 190523
List the prime factors of 526794.
2, 3, 19, 4621
What are the prime factors of 30342380?
2, 5, 281, 5399
List the prime factors of 209098.
2, 104549
List the prime factors of 7246976.
2, 11, 5147
What are the prime factors of 13008055?
5, 53, 191, 257
List the prime factors of 781587.
3, 86843
What are the prime factors of 184268?
2, 7, 6581
List the prime factors of 1804526.
2, 902263
What are the prime factors of 1002692?
2, 250673
What are the prime factors of 891534?
2, 3, 7, 21227
List the prime factors of 1567722.
2, 3, 13, 101, 199
What are the prime factors of 294441?
3, 7, 2003
What are the prime factors of 8442886?
2, 23, 29, 6329
What are the prime factors of 5096415?
3, 5, 339761
What are the prime factors of 50602?
2, 25301
What are the prime factors of 14350334?
2, 31, 59, 3923
What are the prime factors of 177333?
3, 13, 4547
List the prime factors of 2439616.
2, 38119
What are the prime factors of 253971?
3, 28219
List the prime factors of 6323948.
2, 1580987
List the prime factors of 852349.
41, 20789
What are the prime factors of 52700?
2, 5, 17, 31
List the prime factors of 1249265.
5, 249853
What are the prime factors of 419608?
2, 7, 59, 127
What are the prime factors of 184994?
2, 17, 5441
List the prime factors of 21484028.
2, 5371007
List the prime factors of 323541.
3, 23, 521
What are the prime factors of 1708816?
2, 1